{"id":5644,"date":"2016-04-20T17:49:46","date_gmt":"2016-04-20T15:49:46","guid":{"rendered":"https:\/\/coaching.thimpress.com\/coachingwp-2\/?page_id=5644"},"modified":"2023-11-21T23:51:19","modified_gmt":"2023-11-21T22:51:19","slug":"about-me","status":"publish","type":"page","link":"https:\/\/gaellejabesimage.com\/index.php\/about-me\/","title":{"rendered":"Qui suis-je ?"},"content":{"rendered":"\t\t<div data-elementor-type=\"wp-post\" data-elementor-id=\"5644\" class=\"elementor elementor-5644\" data-elementor-post-type=\"page\">\n\t\t\t\t\t\t<section class=\"elementor-section elementor-top-section elementor-element elementor-element-20f47fd elementor-section-stretched elementor-section-height-min-height elementor-section-full_width elementor-section-height-default elementor-section-items-middle\" data-id=\"20f47fd\" data-element_type=\"section\" data-e-type=\"section\" data-settings=\"{&quot;stretch_section&quot;:&quot;section-stretched&quot;,&quot;background_background&quot;:&quot;classic&quot;,&quot;shape_divider_bottom&quot;:&quot;tilt&quot;,&quot;animation&quot;:&quot;none&quot;}\">\n\t\t\t\t\t\t\t<div class=\"elementor-background-overlay\"><\/div>\n\t\t\t\t\t\t<div class=\"elementor-shape elementor-shape-bottom\" aria-hidden=\"true\" data-negative=\"false\">\n\t\t\t<svg xmlns=\"http:\/\/www.w3.org\/2000\/svg\" viewBox=\"0 0 1000 100\" preserveAspectRatio=\"none\">\n\t<path class=\"elementor-shape-fill\" d=\"M0,6V0h1000v100L0,6z\"\/>\n<\/svg>\t\t<\/div>\n\t\t\t\t\t<div class=\"elementor-container elementor-column-gap-extended\">\n\t\t\t\t\t<div class=\"elementor-column elementor-col-100 elementor-top-column elementor-element elementor-element-dc8175c\" data-id=\"dc8175c\" data-element_type=\"column\" data-e-type=\"column\" data-settings=\"{&quot;animation&quot;:&quot;none&quot;}\">\n\t\t\t<div class=\"elementor-widget-wrap elementor-element-populated\">\n\t\t\t\t\t\t<div class=\"elementor-element elementor-element-a4e17b7 elementor-widget elementor-widget-thim-heading\" data-id=\"a4e17b7\" data-element_type=\"widget\" data-e-type=\"widget\" data-widget_type=\"thim-heading.default\">\n\t\t\t\t<div class=\"elementor-widget-container\">\n\t\t\t\t\t<div class=\"sc_heading   \"><h3 style=\"color:#FFFFFF;\" class=\"title\">Je suis Gaelle Jabes, et j'accompagne les femmes \u2026<\/h3><span style=\"background-color:#DDC5A6\" class=\"line\"><\/span><\/div>\t\t\t\t<\/div>\n\t\t\t\t<\/div>\n\t\t\t\t<div class=\"elementor-element elementor-element-606b833 animated-slow elementor-invisible elementor-widget elementor-widget-text-editor\" data-id=\"606b833\" data-element_type=\"widget\" data-e-type=\"widget\" data-settings=\"{&quot;_animation&quot;:&quot;fadeIn&quot;}\" data-widget_type=\"text-editor.default\">\n\t\t\t\t<div class=\"elementor-widget-container\">\n\t\t\t\t\t\t\t\t\t<p>Epouse, m\u00e8re, salari\u00e9e, entrepreneuse, optimiste, d\u00e9termin\u00e9e et battante, je tente comme chaque femme de jongler sur chacun de mes r\u00f4les avec efficacit\u00e9 et par la m\u00eame occasion de m\u2019\u00e9panouir. Mais le sourire d\u2019une femme peut en cacher beaucoup. J\u2019ai longtemps dissimul\u00e9 un mal \u00eatre profond de ma vie, me sentant seule \u00e0 traverser certains moments et je n\u2019arrivais plus \u00e0 croire en moi et \u00e0 appr\u00e9cier ce que je voyais de moi. Je n\u2019arrivais ni \u00e0 aimer, ni \u00e0 valoriser la personne que j\u2019\u00e9tais.<\/p>\t\t\t\t\t\t\t\t<\/div>\n\t\t\t\t<\/div>\n\t\t\t\t\t<\/div>\n\t\t<\/div>\n\t\t\t\t\t<\/div>\n\t\t<\/section>\n\t\t\t\t<section class=\"elementor-section elementor-top-section elementor-element elementor-element-c84b94e thim_1_col_tablet elementor-section-stretched elementor-section-boxed elementor-section-height-default elementor-section-height-default elementor-invisible\" data-id=\"c84b94e\" data-element_type=\"section\" data-e-type=\"section\" data-settings=\"{&quot;stretch_section&quot;:&quot;section-stretched&quot;,&quot;animation&quot;:&quot;pulse&quot;}\">\n\t\t\t\t\t\t<div class=\"elementor-container elementor-column-gap-extended\">\n\t\t\t\t\t<div class=\"elementor-column elementor-col-50 elementor-top-column elementor-element elementor-element-00840b3\" data-id=\"00840b3\" data-element_type=\"column\" data-e-type=\"column\" data-settings=\"{&quot;background_background&quot;:&quot;classic&quot;}\">\n\t\t\t<div class=\"elementor-widget-wrap elementor-element-populated\">\n\t\t\t\t\t\t<div class=\"elementor-element elementor-element-9934268 e-transform elementor-widget elementor-widget-image\" data-id=\"9934268\" data-element_type=\"widget\" data-e-type=\"widget\" data-settings=\"{&quot;_animation&quot;:&quot;none&quot;,&quot;_transform_translateX_effect&quot;:{&quot;unit&quot;:&quot;px&quot;,&quot;size&quot;:-60,&quot;sizes&quot;:[]},&quot;_transform_translateY_effect&quot;:{&quot;unit&quot;:&quot;px&quot;,&quot;size&quot;:-60,&quot;sizes&quot;:[]},&quot;_transform_translateX_effect_tablet&quot;:{&quot;unit&quot;:&quot;px&quot;,&quot;size&quot;:&quot;&quot;,&quot;sizes&quot;:[]},&quot;_transform_translateX_effect_mobile&quot;:{&quot;unit&quot;:&quot;px&quot;,&quot;size&quot;:&quot;&quot;,&quot;sizes&quot;:[]},&quot;_transform_translateY_effect_tablet&quot;:{&quot;unit&quot;:&quot;px&quot;,&quot;size&quot;:&quot;&quot;,&quot;sizes&quot;:[]},&quot;_transform_translateY_effect_mobile&quot;:{&quot;unit&quot;:&quot;px&quot;,&quot;size&quot;:&quot;&quot;,&quot;sizes&quot;:[]}}\" data-widget_type=\"image.default\">\n\t\t\t\t<div class=\"elementor-widget-container\">\n\t\t\t\t\t\t\t\t\t\t\t\t\t\t\t<img fetchpriority=\"high\" decoding=\"async\" width=\"1333\" height=\"2000\" src=\"https:\/\/gaellejabesimage.com\/wp-content\/uploads\/2023\/11\/Gaelle-Tenue-4-21.jpg\" class=\"attachment-full size-full wp-image-9649\" alt=\"Gae\u0308lle-Tenue-4-21\" srcset=\"https:\/\/gaellejabesimage.com\/wp-content\/uploads\/2023\/11\/Gaelle-Tenue-4-21.jpg 1333w, https:\/\/gaellejabesimage.com\/wp-content\/uploads\/2023\/11\/Gaelle-Tenue-4-21-200x300.jpg 200w, https:\/\/gaellejabesimage.com\/wp-content\/uploads\/2023\/11\/Gaelle-Tenue-4-21-682x1024.jpg 682w, https:\/\/gaellejabesimage.com\/wp-content\/uploads\/2023\/11\/Gaelle-Tenue-4-21-768x1152.jpg 768w, https:\/\/gaellejabesimage.com\/wp-content\/uploads\/2023\/11\/Gaelle-Tenue-4-21-1024x1536.jpg 1024w, https:\/\/gaellejabesimage.com\/wp-content\/uploads\/2023\/11\/Gaelle-Tenue-4-21-600x900.jpg 600w\" sizes=\"(max-width: 1333px) 100vw, 1333px\" \/>\t\t\t\t\t\t\t\t\t\t\t\t\t\t\t<\/div>\n\t\t\t\t<\/div>\n\t\t\t\t\t<\/div>\n\t\t<\/div>\n\t\t\t\t<div class=\"elementor-column elementor-col-50 elementor-top-column elementor-element elementor-element-ae2eb46\" data-id=\"ae2eb46\" data-element_type=\"column\" data-e-type=\"column\">\n\t\t\t<div class=\"elementor-widget-wrap elementor-element-populated\">\n\t\t\t\t\t\t<div class=\"elementor-element elementor-element-1f6f9a3 animated-slow elementor-invisible elementor-widget elementor-widget-text-editor\" data-id=\"1f6f9a3\" data-element_type=\"widget\" data-e-type=\"widget\" data-settings=\"{&quot;_animation&quot;:&quot;fadeIn&quot;}\" data-widget_type=\"text-editor.default\">\n\t\t\t\t<div class=\"elementor-widget-container\">\n\t\t\t\t\t\t\t\t\t<p>La volont\u00e9 d\u2019accompagner la femme dans une qu\u00eate de red\u00e9couverte de sa personne et de son image na\u00eet \u00e0 la suite de cette longue p\u00e9riode plut\u00f4t chaotique de ma vie, submerg\u00e9e entre sentiment de d\u00e9couragement perp\u00e9tuel, apitoiement et une impression de solitude.<\/p><p>\u00a0<\/p><p>J\u2019\u00e9tais convaincue que mon sourire et mes efforts d\u2019apparence suffiraient \u00e0 d\u00e9montrer que tout allait bien.<\/p><p>\u00a0<\/p><p>Seul un processus de restauration mais \u00e9galement de red\u00e9couverte de ma personne et ma foi me permirent de m\u2019en sortir.<\/p><p>\u00a0<\/p><p>Aujourd\u2019hui je m\u2019\u00e9panouis et m\u2019investis dans chacun de mes r\u00f4les en y ajoutant dans ce quotidien des activit\u00e9s dans lesquelles je me passionne\u00a0: la danse, le stylisme, la couture ou la formation de femmes et d\u2019autres activit\u00e9s, notamment aupr\u00e8s des enfants.<\/p>\t\t\t\t\t\t\t\t<\/div>\n\t\t\t\t<\/div>\n\t\t\t\t\t<\/div>\n\t\t<\/div>\n\t\t\t\t\t<\/div>\n\t\t<\/section>\n\t\t\t\t<section class=\"elementor-section elementor-top-section elementor-element elementor-element-f45994a thim_1_col_tablet elementor-section-stretched elementor-section-boxed elementor-section-height-default elementor-section-height-default elementor-invisible\" data-id=\"f45994a\" data-element_type=\"section\" data-e-type=\"section\" data-settings=\"{&quot;stretch_section&quot;:&quot;section-stretched&quot;,&quot;animation&quot;:&quot;pulse&quot;,&quot;background_background&quot;:&quot;classic&quot;}\">\n\t\t\t\t\t\t<div class=\"elementor-container elementor-column-gap-extended\">\n\t\t\t\t\t<div class=\"elementor-column elementor-col-50 elementor-top-column elementor-element elementor-element-f9024d1\" data-id=\"f9024d1\" data-element_type=\"column\" data-e-type=\"column\">\n\t\t\t<div class=\"elementor-widget-wrap elementor-element-populated\">\n\t\t\t\t\t\t<div class=\"elementor-element elementor-element-491ef5c animated-slow elementor-invisible elementor-widget elementor-widget-text-editor\" data-id=\"491ef5c\" data-element_type=\"widget\" data-e-type=\"widget\" data-settings=\"{&quot;_animation&quot;:&quot;fadeIn&quot;}\" data-widget_type=\"text-editor.default\">\n\t\t\t\t<div class=\"elementor-widget-container\">\n\t\t\t\t\t\t\t\t\t<div><p>Aujourd\u2019hui j\u2019ai le d\u00e9sir d\u2019aider une femme \u00e0 se red\u00e9couvrir, s\u2019aimer telle qu\u2019elle est, se valoriser, sans attendre que quelqu\u2019un le lui dise ou lui manifeste un int\u00e9r\u00eat et ainsi investir en elle.<\/p><p>Je me suis form\u00e9e et en plus d\u2019\u00eatre une styliste autodidacte, je suis aujourd\u2019hui une Conseill\u00e8re en image certifi\u00e9e et je viens r\u00e9pondre aux femmes qui ont besoin d\u2019une \u00e9coute et d\u2019un coup de pouce.<\/p><\/div><p>\u00a0<\/p><p><strong>Mes valeurs : <\/strong>MA FOI \u2013 LA FAMILLE \u2013 LE D\u00c9PASSEMENT DE SOI<\/p>\t\t\t\t\t\t\t\t<\/div>\n\t\t\t\t<\/div>\n\t\t\t\t\t<\/div>\n\t\t<\/div>\n\t\t\t\t<div class=\"elementor-column elementor-col-50 elementor-top-column elementor-element elementor-element-6181569\" data-id=\"6181569\" data-element_type=\"column\" data-e-type=\"column\" data-settings=\"{&quot;background_background&quot;:&quot;classic&quot;}\">\n\t\t\t<div class=\"elementor-widget-wrap elementor-element-populated\">\n\t\t\t\t\t\t<div class=\"elementor-element elementor-element-a2a6201 e-transform elementor-invisible elementor-widget elementor-widget-image\" data-id=\"a2a6201\" data-element_type=\"widget\" data-e-type=\"widget\" data-settings=\"{&quot;_animation&quot;:&quot;fadeInUp&quot;,&quot;_transform_translateY_effect&quot;:{&quot;unit&quot;:&quot;px&quot;,&quot;size&quot;:-150,&quot;sizes&quot;:[]},&quot;_transform_translateX_effect&quot;:{&quot;unit&quot;:&quot;px&quot;,&quot;size&quot;:&quot;&quot;,&quot;sizes&quot;:[]},&quot;_transform_translateX_effect_tablet&quot;:{&quot;unit&quot;:&quot;px&quot;,&quot;size&quot;:&quot;&quot;,&quot;sizes&quot;:[]},&quot;_transform_translateX_effect_mobile&quot;:{&quot;unit&quot;:&quot;px&quot;,&quot;size&quot;:&quot;&quot;,&quot;sizes&quot;:[]},&quot;_transform_translateY_effect_tablet&quot;:{&quot;unit&quot;:&quot;px&quot;,&quot;size&quot;:&quot;&quot;,&quot;sizes&quot;:[]},&quot;_transform_translateY_effect_mobile&quot;:{&quot;unit&quot;:&quot;px&quot;,&quot;size&quot;:&quot;&quot;,&quot;sizes&quot;:[]}}\" data-widget_type=\"image.default\">\n\t\t\t\t<div class=\"elementor-widget-container\">\n\t\t\t\t\t\t\t\t\t\t\t\t\t\t\t<img decoding=\"async\" src=\"https:\/\/gaellejabesimage.com\/wp-content\/uploads\/2023\/10\/Gaelle5-366x550.jpeg\" title=\"Gaelle5\" alt=\"Gaelle5\" loading=\"lazy\" \/>\t\t\t\t\t\t\t\t\t\t\t\t\t\t\t<\/div>\n\t\t\t\t<\/div>\n\t\t\t\t\t<\/div>\n\t\t<\/div>\n\t\t\t\t\t<\/div>\n\t\t<\/section>\n\t\t\t\t<section class=\"elementor-section elementor-top-section elementor-element elementor-element-ecb3114 elementor-section-stretched elementor-section-full_width elementor-section-height-default elementor-section-height-default\" data-id=\"ecb3114\" data-element_type=\"section\" data-e-type=\"section\" data-settings=\"{&quot;stretch_section&quot;:&quot;section-stretched&quot;,&quot;background_background&quot;:&quot;classic&quot;,&quot;shape_divider_top&quot;:&quot;triangle-asymmetrical&quot;}\">\n\t\t\t\t\t<div class=\"elementor-shape elementor-shape-top\" aria-hidden=\"true\" data-negative=\"false\">\n\t\t\t<svg xmlns=\"http:\/\/www.w3.org\/2000\/svg\" viewBox=\"0 0 1000 100\" preserveAspectRatio=\"none\">\n\t<path class=\"elementor-shape-fill\" d=\"M738,99l262-93V0H0v5.6L738,99z\"\/>\n<\/svg>\t\t<\/div>\n\t\t\t\t\t<div class=\"elementor-container elementor-column-gap-no\">\n\t\t\t\t\t<div class=\"elementor-column elementor-col-100 elementor-top-column elementor-element elementor-element-e7059d5\" data-id=\"e7059d5\" data-element_type=\"column\" data-e-type=\"column\">\n\t\t\t<div class=\"elementor-widget-wrap elementor-element-populated\">\n\t\t\t\t\t\t<div class=\"elementor-element elementor-element-a4accf5 elementor-widget elementor-widget-thim-heading\" data-id=\"a4accf5\" data-element_type=\"widget\" data-e-type=\"widget\" data-widget_type=\"thim-heading.default\">\n\t\t\t\t<div class=\"elementor-widget-container\">\n\t\t\t\t\t<div class=\"sc_heading   wpb_animate_when_almost_visible wpb_appear text-center\"><h3 style=\"color:#4A192C;\" class=\"title\">MA VISION<\/h3><span class=\"line\"><\/span><\/div>\t\t\t\t<\/div>\n\t\t\t\t<\/div>\n\t\t\t\t<section class=\"elementor-section elementor-inner-section elementor-element elementor-element-513082e thim-list-text elementor-section-boxed elementor-section-height-default elementor-section-height-default\" data-id=\"513082e\" data-element_type=\"section\" data-e-type=\"section\">\n\t\t\t\t\t\t<div class=\"elementor-container elementor-column-gap-default\">\n\t\t\t\t\t<div class=\"elementor-column elementor-col-100 elementor-inner-column elementor-element elementor-element-87c57f1\" data-id=\"87c57f1\" data-element_type=\"column\" data-e-type=\"column\">\n\t\t\t<div class=\"elementor-widget-wrap elementor-element-populated\">\n\t\t\t\t\t\t<div class=\"elementor-element elementor-element-e5b77de animated-slow elementor-invisible elementor-widget elementor-widget-text-editor\" data-id=\"e5b77de\" data-element_type=\"widget\" data-e-type=\"widget\" data-settings=\"{&quot;_animation&quot;:&quot;fadeIn&quot;}\" data-widget_type=\"text-editor.default\">\n\t\t\t\t<div class=\"elementor-widget-container\">\n\t\t\t\t\t\t\t\t\t<ul><li>Parce que l\u2019image ext\u00e9rieure n\u2019est que le reflet du bien \u00eatre int\u00e9rieur, j\u2019aborde l\u2019image de la femme dans une approche holistique, avec bienveillance pour ainsi chercher \u00e0 r\u00e9concilier la personne avec son \u00eatre, son corps (on y aborde la peau, le visage, les soins et \u00e9galement le bien \u00eatre int\u00e9rieur)<\/li><li>Je viens r\u00e9pondre aux femmes qui ne ressentent pas forc\u00e9ment le besoin de changer (qui sont donc en amont de cette r\u00e9flexion de changement) mais qui en ont besoin sans en avoir vraiment conscience et par cela je souhaite cr\u00e9er un \u00e9lectrochoc dans leur vie.<\/li><li>Au-del\u00e0 de l\u2019accompagnement, je propose dans la formule \u00ab R\u00e9v\u00e9lation \u00bb une prise d\u2019audace dans la couleur, les mati\u00e8res ou les accessoires pour transmettre un message \u00e0 votre interlocuteur autre que la timidit\u00e9 et ainsi vous permettre de booster votre confiance.<\/li><li>Je travaille \u00e9galement en partenariat avec des professionnels experts dans leur m\u00e9tier (Naturopathe, Docteur en biologie cutan\u00e9e, Esth\u00e9ticienne) pour vous apporter au mieux des conseils et vous rediriger quand il me semble n\u00e9cessaire de compl\u00e9ter cet accompagnement.<\/li><\/ul>\t\t\t\t\t\t\t\t<\/div>\n\t\t\t\t<\/div>\n\t\t\t\t\t<\/div>\n\t\t<\/div>\n\t\t\t\t\t<\/div>\n\t\t<\/section>\n\t\t\t\t\t<\/div>\n\t\t<\/div>\n\t\t\t\t\t<\/div>\n\t\t<\/section>\n\t\t\t\t<\/div>\n\t\t","protected":false},"excerpt":{"rendered":"<p>Je suis Gaelle Jabes, et j&rsquo;accompagne les femmes \u2026 Epouse, m\u00e8re, salari\u00e9e, entrepreneuse, optimiste, d\u00e9termin\u00e9e et battante, je tente comme chaque femme de jongler sur chacun de mes r\u00f4les avec efficacit\u00e9 et par la m\u00eame occasion de m\u2019\u00e9panouir. Mais le sourire d\u2019une femme peut en cacher beaucoup. J\u2019ai longtemps dissimul\u00e9 [&hellip;]<\/p>\n","protected":false},"author":2,"featured_media":0,"parent":0,"menu_order":0,"comment_status":"closed","ping_status":"closed","template":"","meta":{"_editorskit_title_hidden":false,"_editorskit_reading_time":0,"_editorskit_is_block_options_detached":false,"_editorskit_block_options_position":"{}","iawp_total_views":43,"footnotes":""},"class_list":["post-5644","page","type-page","status-publish","hentry"],"aioseo_notices":[],"_links":{"self":[{"href":"https:\/\/gaellejabesimage.com\/index.php\/wp-json\/wp\/v2\/pages\/5644","targetHints":{"allow":["GET"]}}],"collection":[{"href":"https:\/\/gaellejabesimage.com\/index.php\/wp-json\/wp\/v2\/pages"}],"about":[{"href":"https:\/\/gaellejabesimage.com\/index.php\/wp-json\/wp\/v2\/types\/page"}],"author":[{"embeddable":true,"href":"https:\/\/gaellejabesimage.com\/index.php\/wp-json\/wp\/v2\/users\/2"}],"replies":[{"embeddable":true,"href":"https:\/\/gaellejabesimage.com\/index.php\/wp-json\/wp\/v2\/comments?post=5644"}],"version-history":[{"count":437,"href":"https:\/\/gaellejabesimage.com\/index.php\/wp-json\/wp\/v2\/pages\/5644\/revisions"}],"predecessor-version":[{"id":10988,"href":"https:\/\/gaellejabesimage.com\/index.php\/wp-json\/wp\/v2\/pages\/5644\/revisions\/10988"}],"wp:attachment":[{"href":"https:\/\/gaellejabesimage.com\/index.php\/wp-json\/wp\/v2\/media?parent=5644"}],"curies":[{"name":"wp","href":"https:\/\/api.w.org\/{rel}","templated":true}]}}